2*a(n) - 3*v(n). Determine s(-2).
-5
Let z(t) = -t**3 + 6*t**2 - 4*t - 4. Suppose 2*y + r - 13 = 0, 3*y + r = -y + 21. Let u = y - -1. Suppose 2*x = 3*x - u. What is z(x)?
1
Let x be (-3)/5 - (-84)/15. Let v(t) = 2*t - 6. Calculate v(x).
4
Let s(m) be the second derivative of -m**5/20 + m**4/2 - m**3/6 + 5*m. Determine s(6).
-6
Let c = -9 - -13. Let r(m) = 5*m - 6. Let h(s) = 4*s - 5. Let x(u) = c*h(u) - 3*r(u). Calculate x(-5).
-7
Let i(k) be the third derivative of -7*k**5/60 + k**4/24 - 4*k**2. Give i(1).
-6
Let w(z) = z**3 + 6*z**2 + 4*z - 4. Let s be w(-5). Let c = -6 + s. Let h(j) = 2*j - 4. Determine h(c).
-14
Let i = 45 - 51. Let f(k) = k**2 + 7*k + 8. Give f(i).
2
Suppose -5*p - j = j + 12, 0 = 4*p + j + 9. Let z(r) = r**3 - 2*r**2 - r - 1. Give z(p).
-15
Let x be (-100)/10 + (-4 - -9). Let z(d) = 1 - 3*d + d + 4*d. What is z(x)?
-9
Suppose 2*t + 18 = -t. Let y = t + 9. Let n(v) = -3 + y*v - 4*v + 4. What is n(5)?
-4
Let x be (-1)/(-2) - (-5 - 6/(-4)). Let j(l) = -l**2 + 3*l + 3. Calculate j(x).
-1
Let p = 7 - 5. Suppose 2 = -o + p*o. Let j(g) = -g + 13*g**2 + 0*g - 11*g**2 - o*g - 1 + g**3. Calculate j(-2).
5
Let b(z) = z - 1. Let h(m) = 3*m + 5. Let x(t) = 2*b(t) - h(t). Let g be x(-6). Let n(v) = -5*v**2 - 1. What is n(g)?
-6
Let u(c) = 4*c - 4. Let v(r) = -7*r + 8. Let m(q) = 5*u(q) + 3*v(q). Suppose 7*t - 140 = 2*t. Let p be -7*((-48)/t)/4. Determine m(p).
1
Let g(t) = -t**2 - 7*t + 3. Let z be g(-7). Suppose 0 - z = -f. Let v(y) = y**2 - 1. Let r(a) = -2*a**2 - 4*a + 3. Let q(i) = r(i) + 4*v(i). Calculate q(f).
5
Let l(k) = -k**3 - 8*k**2 - 9*k - 10. Let b be l(-7). Let r(c) = 0*c + 0*c**2 - 3*c**2 + c**3 - c - 2. What is r(b)?
10
Let g(q) = -8*q**2 - 1. Suppose -2*b - 3*b = 0. Suppose -8*a + 3*a = b. Suppose a*m + 1 = m. What is g(m)?
-9
Let u(x) = -4*x - 6 + 0*x + 2*x + 1. Suppose 2*n - 16 = 6*n. What is u(n)?
3
Let p(f) = -f + 12. Let a(o) = 4*o + 1. Let c be a(1). What is p(c)?
7
Suppose 2*j + 37 = -29. Let f be (-138)/j - 8/44. Let c(s) = -2 + 0*s - 2*s + 5. Give c(f).
-5
Let k be 4/10*30/(12 - 6). Let y(h) = -5*h. Calculate y(k).
-10
Suppose 5*h - 8 = -3. Let i be 1/3*(4 - h). Let a(j) = -2*j - 2. Let d(p) = -p**2 + 12*p + 13. Let o(y) = 6*a(y) + d(y). Calculate o(i).
0
Suppose 4*j - 3*i - 2*i = 26, 3*j = -5*i + 2. Let f(p) be the first derivative of 3/2*p**2 - j + 0*p. Give f(-1).
-3
Let p(o) be the third derivative of o**6/120 + o**5/15 - o**4/12 + o**3/2 + 31*o**2. What is p(-5)?
-12
Let i(u) = 5*u**2 + 2*u - 2. Suppose -d - 6 = d, 0 = 2*x - 4*d - 16. Calculate i(x).
22
Let a(m) = -m**2 - 6*m + 7. Let u(n) = 0*n**2 + 28 - 23*n + n**2 - 6*n**2. Let b(z) = -9*a(z) + 2*u(z). What is b(6)?
5
Let m(w) = w - 9. Let d be 3/1 - -1 - -1. Let b be m(d). Let n(p) = p**3 + 3*p**2 - p + 5. Calculate n(b).
-7
Let x(g) = g**2 + 7*g + 3. Suppose -2*n - 5*w - 13 = 9, -5*w - 10 = 0. Give x(n).
-3
Let h(x) = -x + 5. Let y(p) = p**3 + p**2 - 2*p. Let g be y(-2). What is h(g)?
5
Let c = -17 + 12. Let p(g) = g**3 + 4*g**2 - 7*g - 2. Give p(c).
8
Suppose -35 = 2*l - 5*t, 11 + 4 = -5*l - 2*t. Let w(r) = -r + 2. Calculate w(l).
7
Let i be (2 - (1 + 1))/2. Let b be ((-21)/(-14))/(3/2). Let v(m) = i*m - 1 + m - b. Give v(3).
1
Let j(d) = 2*d**2 + 4*d - 4. Let z be 9/(-3) + (-2 - -27). Suppose -z + 2 = 5*k. Give j(k).
12
Let m = -38 - -32. Let w(x) = -x**3 - 5*x**2 + 5*x - 8. Give w(m).
-2
Let i(t) = 4*t**2 - 6*t + 5. Let w(o) = 8*o**2 - 10*o + 9. Let s(c) = -7*i(c) + 4*w(c). Suppose 0 = -y - 0*y - 3. Let q = 2 + y. What is s(q)?
3
Let f(x) = x**3 - x**2 - 3*x + 3. Suppose 0*y = -5*y - 25. Let z = -2 - y. Calculate f(z).
12
Let w be ((-1)/5)/((-7)/35). Let a(g) = -6*g + 1. What is a(w)?
-5
Let c be (6 - 4)/(2/4). Suppose -c*m + 12 = 4*r, m + r = 3*r. Let x(o) = 6*o**3 + 2*o**2 + o - 3*o**3 - m*o**3 - o**2. Determine x(-1).
-1
Let u(i) be the third derivative of -i**5/30 + 7*i**4/24 - i**3 + i**2. Calculate u(5).
-21
Let m(r) be the first derivative of r**2/2 + 4*r - 6. What is m(6)?
10
Let g(j) be the first derivative of j**4/3 + j**3/3 - j**2/2 - 4*j + 1. Let q(y) be the first derivative of g(y). What is q(-2)?
11
Let r(b) = 2*b**2 + 2*b + 1. Suppose -4*j = -16, 3*j - 6 = 4*x - x. Let w(p) = 3*p - 14 - 2*p - x*p. Let f be w(-12). What is r(f)?
5
Let s(j) be the second derivative of -j**3 + j**2/2 - 12*j. What is s(1)?
-5
Let i be (-3)/(2/(-8)*-3). Let l = i - -3. Let w(a) = 41*a - 5. Let t(v) = -8*v + 1. Let o(j) = -11*t(j) - 2*w(j). Give o(l).
-7
Let u(n) = -2*n**2 + n - 1. Suppose -6 = 161*x - 164*x. Give u(x).
-7
Let g(a) be the first derivative of a**2/2 - 3*a - 1. Let z(u) = 2*u - 2. Let q be z(6). Let c = q + -4. What is g(c)?
3
Let t(m) = -2*m + 2. Suppose -3*z = -5*a + 10 + 9, -5*z = -a + 17. Give t(z).
8
Let x(m) = 3*m**3 - m**2 - m. Suppose -10 = -6*t - 16. Calculate x(t).
-3
Let j(k) = -3*k - 1. Suppose -s + 0*s - 1 = 0. Let z be j(s). Suppose -4*b - 4 = -8*b - 4*x, 4*x - 12 = -z*b. Let l(m) = -m**2 - 2*m + 4. Calculate l(b).
-4
Let n(c) be the third derivative of -c**4/24 + 13*c**3/6 + 2*c**2. Suppose 8 = 6*y - 28. Give n(y).
7
Let x(k) = k**3 - 6*k**2 - 5*k - 8. Let w be x(7). Let p be w/9 - 2/3. Let r(b) = b**2 + b + 13. What is r(p)?
13
Let o(k) = k**3 - 2*k + 2. Suppose 6 - 2 = 4*s + 4*p, 3 = -3*p. Give o(s).
6
Let g(z) = -z**3 - 5*z**2 + 6. Let q be g(-5). Suppose 5*d - 4*c = -2 - 6, 0 = -4*d - 3*c - 25. Let u = d + q. Let y(k) = k**2 - 1. Determine y(u).
3
Suppose -5*s = 5*i + 25, -4*i = -3*s - 27 + 5. Let w(k) = -k**2 - 6*k + 3. What is w(s)?
3
Let m(g) be the first derivative of 5*g**4/24 + g**2 - 4. Let f(c) be the second derivative of m(c). Determine f(1).
5
Let h(u) = -u**3 - 4*u**2 - 2*u + 4. Let p be h(-3). Let k(o) = p - o - o + 3*o. Calculate k(4).
5
Suppose -2*n - 29 = -4*n - d, -77 = -5*n - d. Suppose -f + n = f. Let x(m) = m**3 - 7*m**2 - 9*m + 10. What is x(f)?
2
Let z(i) be the second derivative of 0 + 1/8*i**4 + 2*i - 1/24*i**5 + 1/3*i**3 + 0*i**2. Let t(h) be the second derivative of z(h). Determine t(2).
-7
Let l = -4 + 7. Suppose s = -0 - l. Let j(h) = -3*h - 3. Give j(s).
6
Let d be 3/((1 - 0)/1). Let a(s) be the first derivative of s - 1/3*s**3 + 3 + s**2. What is a(d)?
-2
Let h = 2 + 0. Let i(t) = 7*t + 1 - 7*t + 4*t**h. Suppose -8 = 2*g + 2*p, 2*p - 6*p - 15 = 5*g. Determine i(g).
5
Let w(r) = 3*r**2 + 4*r + 3. Let k(s) = -s**2 - 26*s - 12. Let f(b) = 9*b + 4. Let x(j) = 11*f(j) + 4*k(j). Let l(t) = -6*w(t) - 4*x(t). Give l(-2).
-2
Let l be 1/(5 - 63/12). Let w(k) = -4*k**2 - k + 2. Let a(m) = 5*m**2 - 3. Let t(o) = 3*a(o) + 4*w(o). What is t(l)?
-1
Let v(o) be the second derivative of o**5/20 + o**4/4 - o**2 - 3*o. Calculate v(-3).
-2
Suppose -39 = -11*b - 6. Let s(y) be the third derivative of 0*y + 0 + 1/12*y**4 + y**3 - b*y**2. Determine s(-5).
-4
Suppose 5*l = -7*n + 5*n + 17, 0 = -3*n - 4*l + 22. Let k(f) = -3*f + 5. Calculate k(n).
-13
Let h(f) = 2*f + 2. Let n(m) = -5*m - 8. Let y(b) = 3*h(b) + n(b). Let d be -1 + (-1 - 0) - -2. What is y(d)?
-2
Let l(n) be the third derivative of -n**6/120 + n**5/30 - 4*n**2. Let i(c) = -2*c**2 + c - 3. Let w be i(3). Let y be ((-3)/(-2))/(w/(-24)). Calculate l(y).
0
Let t be (-14)/(-3) + (-6)/9. Suppose -t*g + 5 = -11. Let a(q) = -2 + 3*q + q**2 + 0 + g. Determine a(-3).
2
Let s = -7 + 7. Let i(z) = -2*z**3 + 2*z**2 - 2*z + 5. Let k(a) = a**3 - a**2 + a - 4. Let y(u) = 2*i(u) + 3*k(u). Calculate y(s).
-2
Let s(k) be the first derivative of -k**7/840 + k**6/180 + k**5/40 + k**4/12 - k**3/3 + 1. Let x(h) be the third derivative of s(h). What is x(3)?
2
Let f(v) be the second derivative of -v**3/6 + 5*v**2/2 + 3*v. Calculate f(6).
-1
Let o(y) = -y + 3. Suppose 0 = 4*k - 0*k + 16, -4*k = r + 8. Give o(r).
-5
Let o = 18 - 15. Suppose 0 = -3*v + v + 5*l - 18, o = -v + l. Let u(k) = -2*k**3 - 2*k**2 + k. Give u(v).
-3
Let s(l) = -14 + 18 - 21*l + 20*l. Give s(-3).
7
Let p(z) be the second derivative of -z**3/3 + 2*z**2 - 6*z. Let i(j) = j - 5. Let k(o) = -3*i(o) - 4*p(o). Give k(-1).
-6
Suppose 4*j = 2*j - 16. Let q(d) = -d**2 - 10*d - 1. Calculate q(j).
15
Let q(h) = h**2 - 3*h - 2. Suppose -2*s = c + 6, s - 3 = -c - 4. Determine q(c).
2
Suppose 2*g + 3*g = 10. Let t be (-2)/(-3)*(-6)/(-4). Let u(h) = h**2 + h - 1. Let n(a) = -4*a**2 - 8*a + 6. Let b(f) = t*n(f) + 